{"id":1041,"date":"2022-06-14T13:32:39","date_gmt":"2022-06-14T13:32:39","guid":{"rendered":"https:\/\/www.cisterne.co.rs\/?post_type=product&#038;p=1041"},"modified":"2025-07-16T13:22:17","modified_gmt":"2025-07-16T13:22:17","slug":"dzambo-vrece-sa-dva-levka-polovne","status":"publish","type":"product","link":"https:\/\/www.cisterne.co.rs\/index.php\/product\/dzambo-vrece-sa-dva-levka-polovne\/","title":{"rendered":"<strong>13. D\u017eambo vre\u0107e sa dva levka &#8211; polovne <\/strong>, dimenzije 90cm x 90cm x 130cm"},"content":{"rendered":"<p>D\u017eambo vre\u0107e &#8211; Big bag &#8211; sa dva ventila \/ levka, u\u0161i za vilju\u0161kar.<\/p>\n<p><strong>Vre\u0107e klasa 1 &#8211; 550,00 + pdv<\/strong><\/p>\n<p>Dimenzije 90cm x 90cm x 130cm. Polovne vre\u0107e su jednom kori\u0161\u0107ene, od \u0161e\u0107era, bez ikakvih o\u0161te\u0107enja.<\/p>\n<p>Nosivost 1t &#8211; 1.2t<br \/>\nTe\u017eina jedne vre\u0107e 2-2.5kg<\/p>\n","protected":false},"excerpt":{"rendered":"<p>D\u017eambo vre\u0107e &#8211; Big bag &#8211; sa dva ventila \/ levka, u\u0161i za vilju\u0161kar.<\/p>\n<p><strong>Vre\u0107e klasa 1 &#8211; 550,00 + pdv<\/strong><\/p>\n<p>Dimenzije 90cm x 90cm x 130cm. Polovne vre\u0107e su jednom kori\u0161\u0107ene, od \u0161e\u0107era, bez ikakvih o\u0161te\u0107enja.<\/p>\n<p>Nosivost 1t &#8211; 1.2t<br \/>\nTe\u017eina jedne vre\u0107e 2-2.5kg<\/p>\n","protected":false},"featured_media":1038,"comment_status":"open","ping_status":"closed","template":"","meta":{"spay_email":""},"product_brand":[],"product_cat":[268],"product_tag":[237,238],"class_list":{"0":"post-1041","1":"product","2":"type-product","3":"status-publish","4":"has-post-thumbnail","6":"product_cat-dzambovrece","7":"product_tag-big-bag","8":"product_tag-dzambo-vrece","10":"first","11":"instock","12":"taxable","13":"shipping-taxable","14":"purchasable","15":"product-type-simple"},"yoast_head":"<!-- This site is optimized with the Yoast SEO plugin v27.6 - https:\/\/yoast.com\/product\/yoast-seo-wordpress\/ -->\n<title>13. D\u017eambo vre\u0107e sa dva levka - polovne , dimenzije 90cm x 90cm x 130cm - Beokul doo<\/title>\n<meta name=\"description\" content=\"Dodatna oprema, redukcije, PVC slavine, \u010depovi, kanisteri. Sve za IBC kontejner, najpovoljnije cene i najve\u0107i izbor.\" \/>\n<meta name=\"robots\" content=\"index, follow, max-snippet:-1, max-image-preview:large, max-video-preview:-1\" \/>\n<link rel=\"canonical\" href=\"https:\/\/www.cisterne.co.rs\/index.php\/product\/dzambo-vrece-sa-dva-levka-polovne\/\" \/>\n<meta property=\"og:locale\" content=\"sr_RS\" \/>\n<meta property=\"og:type\" content=\"article\" \/>\n<meta property=\"og:title\" content=\"13. D\u017eambo vre\u0107e sa dva levka - polovne , dimenzije 90cm x 90cm x 130cm - Beokul doo\" \/>\n<meta property=\"og:description\" content=\"Dodatna oprema, redukcije, PVC slavine, \u010depovi, kanisteri. Sve za IBC kontejner, najpovoljnije cene i najve\u0107i izbor.\" \/>\n<meta property=\"og:url\" content=\"https:\/\/www.cisterne.co.rs\/index.php\/product\/dzambo-vrece-sa-dva-levka-polovne\/\" \/>\n<meta property=\"og:site_name\" content=\"Beokul doo\" \/>\n<meta property=\"article:publisher\" content=\"https:\/\/www.facebook.com\/doobeokul\" \/>\n<meta property=\"article:modified_time\" content=\"2025-07-16T13:22:17+00:00\" \/>\n<meta property=\"og:image\" content=\"https:\/\/www.cisterne.co.rs\/wp-content\/uploads\/2022\/06\/dzambo-vrece.jpg\" \/>\n\t<meta property=\"og:image:width\" content=\"500\" \/>\n\t<meta property=\"og:image:height\" content=\"500\" \/>\n\t<meta property=\"og:image:type\" content=\"image\/jpeg\" \/>\n<meta name=\"twitter:card\" content=\"summary_large_image\" \/>\n<meta name=\"twitter:label1\" content=\"Procenjeno vreme \u010ditanja\" \/>\n\t<meta name=\"twitter:data1\" content=\"1 minut\" \/>\n<script type=\"application\/ld+json\" class=\"yoast-schema-graph\">{\"@context\":\"https:\\\/\\\/schema.org\",\"@graph\":[{\"@type\":\"WebPage\",\"@id\":\"https:\\\/\\\/www.cisterne.co.rs\\\/index.php\\\/product\\\/dzambo-vrece-sa-dva-levka-polovne\\\/\",\"url\":\"https:\\\/\\\/www.cisterne.co.rs\\\/index.php\\\/product\\\/dzambo-vrece-sa-dva-levka-polovne\\\/\",\"name\":\"13. D\u017eambo vre\u0107e sa dva levka - polovne , dimenzije 90cm x 90cm x 130cm - Beokul doo\",\"isPartOf\":{\"@id\":\"https:\\\/\\\/www.cisterne.co.rs\\\/#website\"},\"primaryImageOfPage\":{\"@id\":\"https:\\\/\\\/www.cisterne.co.rs\\\/index.php\\\/product\\\/dzambo-vrece-sa-dva-levka-polovne\\\/#primaryimage\"},\"image\":{\"@id\":\"https:\\\/\\\/www.cisterne.co.rs\\\/index.php\\\/product\\\/dzambo-vrece-sa-dva-levka-polovne\\\/#primaryimage\"},\"thumbnailUrl\":\"https:\\\/\\\/www.cisterne.co.rs\\\/wp-content\\\/uploads\\\/2022\\\/06\\\/dzambo-vrece.jpg\",\"datePublished\":\"2022-06-14T13:32:39+00:00\",\"dateModified\":\"2025-07-16T13:22:17+00:00\",\"description\":\"Dodatna oprema, redukcije, PVC slavine, \u010depovi, kanisteri. Sve za IBC kontejner, najpovoljnije cene i najve\u0107i izbor.\",\"breadcrumb\":{\"@id\":\"https:\\\/\\\/www.cisterne.co.rs\\\/index.php\\\/product\\\/dzambo-vrece-sa-dva-levka-polovne\\\/#breadcrumb\"},\"inLanguage\":\"sr-RS\",\"potentialAction\":[{\"@type\":\"ReadAction\",\"target\":[\"https:\\\/\\\/www.cisterne.co.rs\\\/index.php\\\/product\\\/dzambo-vrece-sa-dva-levka-polovne\\\/\"]}]},{\"@type\":\"ImageObject\",\"inLanguage\":\"sr-RS\",\"@id\":\"https:\\\/\\\/www.cisterne.co.rs\\\/index.php\\\/product\\\/dzambo-vrece-sa-dva-levka-polovne\\\/#primaryimage\",\"url\":\"https:\\\/\\\/www.cisterne.co.rs\\\/wp-content\\\/uploads\\\/2022\\\/06\\\/dzambo-vrece.jpg\",\"contentUrl\":\"https:\\\/\\\/www.cisterne.co.rs\\\/wp-content\\\/uploads\\\/2022\\\/06\\\/dzambo-vrece.jpg\",\"width\":500,\"height\":500,\"caption\":\"d\u017eambo vre\u0107e\"},{\"@type\":\"BreadcrumbList\",\"@id\":\"https:\\\/\\\/www.cisterne.co.rs\\\/index.php\\\/product\\\/dzambo-vrece-sa-dva-levka-polovne\\\/#breadcrumb\",\"itemListElement\":[{\"@type\":\"ListItem\",\"position\":1,\"name\":\"Po\u010detna\",\"item\":\"https:\\\/\\\/www.cisterne.co.rs\\\/\"},{\"@type\":\"ListItem\",\"position\":2,\"name\":\"E-prodavnica\",\"item\":\"https:\\\/\\\/www.cisterne.co.rs\\\/\"},{\"@type\":\"ListItem\",\"position\":3,\"name\":\"13. D\u017eambo vre\u0107e sa dva levka &#8211; polovne , dimenzije 90cm x 90cm x 130cm\"}]},{\"@type\":\"WebSite\",\"@id\":\"https:\\\/\\\/www.cisterne.co.rs\\\/#website\",\"url\":\"https:\\\/\\\/www.cisterne.co.rs\\\/\",\"name\":\"Beokul doo\",\"description\":\"Uvoz i prodaja novih i polovnih IBC kontejnera\",\"publisher\":{\"@id\":\"https:\\\/\\\/www.cisterne.co.rs\\\/#organization\"},\"potentialAction\":[{\"@type\":\"SearchAction\",\"target\":{\"@type\":\"EntryPoint\",\"urlTemplate\":\"https:\\\/\\\/www.cisterne.co.rs\\\/?s={search_term_string}\"},\"query-input\":{\"@type\":\"PropertyValueSpecification\",\"valueRequired\":true,\"valueName\":\"search_term_string\"}}],\"inLanguage\":\"sr-RS\"},{\"@type\":\"Organization\",\"@id\":\"https:\\\/\\\/www.cisterne.co.rs\\\/#organization\",\"name\":\"Beokul doo Kula\",\"url\":\"https:\\\/\\\/www.cisterne.co.rs\\\/\",\"logo\":{\"@type\":\"ImageObject\",\"inLanguage\":\"sr-RS\",\"@id\":\"https:\\\/\\\/www.cisterne.co.rs\\\/#\\\/schema\\\/logo\\\/image\\\/\",\"url\":\"https:\\\/\\\/www.cisterne.co.rs\\\/wp-content\\\/uploads\\\/2021\\\/09\\\/cropped-Logo-beokul-1.png\",\"contentUrl\":\"https:\\\/\\\/www.cisterne.co.rs\\\/wp-content\\\/uploads\\\/2021\\\/09\\\/cropped-Logo-beokul-1.png\",\"width\":535,\"height\":198,\"caption\":\"Beokul doo Kula\"},\"image\":{\"@id\":\"https:\\\/\\\/www.cisterne.co.rs\\\/#\\\/schema\\\/logo\\\/image\\\/\"},\"sameAs\":[\"https:\\\/\\\/www.facebook.com\\\/doobeokul\",\"https:\\\/\\\/www.linkedin.com\\\/company\\\/beokul-d-o-o\\\/\"]}]}<\/script>\n<!-- \/ Yoast SEO plugin. -->","yoast_head_json":{"title":"13. D\u017eambo vre\u0107e sa dva levka - polovne , dimenzije 90cm x 90cm x 130cm - Beokul doo","description":"Dodatna oprema, redukcije, PVC slavine, \u010depovi, kanisteri. Sve za IBC kontejner, najpovoljnije cene i najve\u0107i izbor.","robots":{"index":"index","follow":"follow","max-snippet":"max-snippet:-1","max-image-preview":"max-image-preview:large","max-video-preview":"max-video-preview:-1"},"canonical":"https:\/\/www.cisterne.co.rs\/index.php\/product\/dzambo-vrece-sa-dva-levka-polovne\/","og_locale":"sr_RS","og_type":"article","og_title":"13. D\u017eambo vre\u0107e sa dva levka - polovne , dimenzije 90cm x 90cm x 130cm - Beokul doo","og_description":"Dodatna oprema, redukcije, PVC slavine, \u010depovi, kanisteri. Sve za IBC kontejner, najpovoljnije cene i najve\u0107i izbor.","og_url":"https:\/\/www.cisterne.co.rs\/index.php\/product\/dzambo-vrece-sa-dva-levka-polovne\/","og_site_name":"Beokul doo","article_publisher":"https:\/\/www.facebook.com\/doobeokul","article_modified_time":"2025-07-16T13:22:17+00:00","og_image":[{"width":500,"height":500,"url":"https:\/\/www.cisterne.co.rs\/wp-content\/uploads\/2022\/06\/dzambo-vrece.jpg","type":"image\/jpeg"}],"twitter_card":"summary_large_image","twitter_misc":{"Procenjeno vreme \u010ditanja":"1 minut"},"schema":{"@context":"https:\/\/schema.org","@graph":[{"@type":"WebPage","@id":"https:\/\/www.cisterne.co.rs\/index.php\/product\/dzambo-vrece-sa-dva-levka-polovne\/","url":"https:\/\/www.cisterne.co.rs\/index.php\/product\/dzambo-vrece-sa-dva-levka-polovne\/","name":"13. D\u017eambo vre\u0107e sa dva levka - polovne , dimenzije 90cm x 90cm x 130cm - Beokul doo","isPartOf":{"@id":"https:\/\/www.cisterne.co.rs\/#website"},"primaryImageOfPage":{"@id":"https:\/\/www.cisterne.co.rs\/index.php\/product\/dzambo-vrece-sa-dva-levka-polovne\/#primaryimage"},"image":{"@id":"https:\/\/www.cisterne.co.rs\/index.php\/product\/dzambo-vrece-sa-dva-levka-polovne\/#primaryimage"},"thumbnailUrl":"https:\/\/www.cisterne.co.rs\/wp-content\/uploads\/2022\/06\/dzambo-vrece.jpg","datePublished":"2022-06-14T13:32:39+00:00","dateModified":"2025-07-16T13:22:17+00:00","description":"Dodatna oprema, redukcije, PVC slavine, \u010depovi, kanisteri. Sve za IBC kontejner, najpovoljnije cene i najve\u0107i izbor.","breadcrumb":{"@id":"https:\/\/www.cisterne.co.rs\/index.php\/product\/dzambo-vrece-sa-dva-levka-polovne\/#breadcrumb"},"inLanguage":"sr-RS","potentialAction":[{"@type":"ReadAction","target":["https:\/\/www.cisterne.co.rs\/index.php\/product\/dzambo-vrece-sa-dva-levka-polovne\/"]}]},{"@type":"ImageObject","inLanguage":"sr-RS","@id":"https:\/\/www.cisterne.co.rs\/index.php\/product\/dzambo-vrece-sa-dva-levka-polovne\/#primaryimage","url":"https:\/\/www.cisterne.co.rs\/wp-content\/uploads\/2022\/06\/dzambo-vrece.jpg","contentUrl":"https:\/\/www.cisterne.co.rs\/wp-content\/uploads\/2022\/06\/dzambo-vrece.jpg","width":500,"height":500,"caption":"d\u017eambo vre\u0107e"},{"@type":"BreadcrumbList","@id":"https:\/\/www.cisterne.co.rs\/index.php\/product\/dzambo-vrece-sa-dva-levka-polovne\/#breadcrumb","itemListElement":[{"@type":"ListItem","position":1,"name":"Po\u010detna","item":"https:\/\/www.cisterne.co.rs\/"},{"@type":"ListItem","position":2,"name":"E-prodavnica","item":"https:\/\/www.cisterne.co.rs\/"},{"@type":"ListItem","position":3,"name":"13. D\u017eambo vre\u0107e sa dva levka &#8211; polovne , dimenzije 90cm x 90cm x 130cm"}]},{"@type":"WebSite","@id":"https:\/\/www.cisterne.co.rs\/#website","url":"https:\/\/www.cisterne.co.rs\/","name":"Beokul doo","description":"Uvoz i prodaja novih i polovnih IBC kontejnera","publisher":{"@id":"https:\/\/www.cisterne.co.rs\/#organization"},"potentialAction":[{"@type":"SearchAction","target":{"@type":"EntryPoint","urlTemplate":"https:\/\/www.cisterne.co.rs\/?s={search_term_string}"},"query-input":{"@type":"PropertyValueSpecification","valueRequired":true,"valueName":"search_term_string"}}],"inLanguage":"sr-RS"},{"@type":"Organization","@id":"https:\/\/www.cisterne.co.rs\/#organization","name":"Beokul doo Kula","url":"https:\/\/www.cisterne.co.rs\/","logo":{"@type":"ImageObject","inLanguage":"sr-RS","@id":"https:\/\/www.cisterne.co.rs\/#\/schema\/logo\/image\/","url":"https:\/\/www.cisterne.co.rs\/wp-content\/uploads\/2021\/09\/cropped-Logo-beokul-1.png","contentUrl":"https:\/\/www.cisterne.co.rs\/wp-content\/uploads\/2021\/09\/cropped-Logo-beokul-1.png","width":535,"height":198,"caption":"Beokul doo Kula"},"image":{"@id":"https:\/\/www.cisterne.co.rs\/#\/schema\/logo\/image\/"},"sameAs":["https:\/\/www.facebook.com\/doobeokul","https:\/\/www.linkedin.com\/company\/beokul-d-o-o\/"]}]}},"_links":{"self":[{"href":"https:\/\/www.cisterne.co.rs\/index.php\/wp-json\/wp\/v2\/product\/1041","targetHints":{"allow":["GET"]}}],"collection":[{"href":"https:\/\/www.cisterne.co.rs\/index.php\/wp-json\/wp\/v2\/product"}],"about":[{"href":"https:\/\/www.cisterne.co.rs\/index.php\/wp-json\/wp\/v2\/types\/product"}],"replies":[{"embeddable":true,"href":"https:\/\/www.cisterne.co.rs\/index.php\/wp-json\/wp\/v2\/comments?post=1041"}],"wp:featuredmedia":[{"embeddable":true,"href":"https:\/\/www.cisterne.co.rs\/index.php\/wp-json\/wp\/v2\/media\/1038"}],"wp:attachment":[{"href":"https:\/\/www.cisterne.co.rs\/index.php\/wp-json\/wp\/v2\/media?parent=1041"}],"wp:term":[{"taxonomy":"product_brand","embeddable":true,"href":"https:\/\/www.cisterne.co.rs\/index.php\/wp-json\/wp\/v2\/product_brand?post=1041"},{"taxonomy":"product_cat","embeddable":true,"href":"https:\/\/www.cisterne.co.rs\/index.php\/wp-json\/wp\/v2\/product_cat?post=1041"},{"taxonomy":"product_tag","embeddable":true,"href":"https:\/\/www.cisterne.co.rs\/index.php\/wp-json\/wp\/v2\/product_tag?post=1041"}],"curies":[{"name":"wp","href":"https:\/\/api.w.org\/{rel}","templated":true}]}}